{"id":29706,"date":"2020-12-21T15:26:51","date_gmt":"2025-02-11T18:11:55","guid":{"rendered":"https:\/\/vitavia.ee\/kasvuhoone\/toode\/neperforuota-galine-juosta-laminuotam-plastikui\/"},"modified":"2025-02-11T21:11:55","modified_gmt":"2025-02-11T18:11:55","slug":"neperforuota-galine-juosta-laminuotam-plastikui","status":"publish","type":"product","link":"https:\/\/vitavia.lt\/kasvuhoone\/toode\/neperforuota-galine-juosta-laminuotam-plastikui\/","title":{"rendered":"Neperforuota galin\u0117 juosta laminuotam plastikui"},"content":{"rendered":"<h5><strong>Atspari oro s\u0105lygoms neperforuota juosta \u2013 vir\u0161utiniam atviram laminuoto plastiko galo sandarinimui:<\/strong><\/h5>\n<ul>\n<li>plotis 28 mm, 6,5 metro \u2013 kaina 15 eur<\/li>\n<li>plotis 28 mm, 33 metrai \u2013 kaina 35 eur<\/li>\n<li>plotis 38 mm, 6,5 metro \u2013 kaina 19 eur<\/li>\n<li>plotis 38 mm, 33 metrai \u2013 kaina 45 eur<\/li>\n<\/ul>\n<p>U formos juostel\u0117 6 mm polikarbonatui juostinei apsaugai, ilgis 2100 mm \u2013 6 EUR<\/p>\n<div>Neabejotinai rekomenduojame atvirus polikarbonato plok\u0161\u010di\u0173 galus ant \u0161iltnamio priklijuoti juostele, kad nepatekt\u0173 dulk\u0117s, ne\u0161varumai, vabzd\u017eiai ir bet kokie galintys apsigyventi gyv\u016bnai, o plok\u0161t\u0117s tarnaus ilgai ir gra\u017eiai atrodyt\u0173.<\/div>\n<div>Vir\u0161utinius galus rekomenduojame u\u017eklijuoti nekv\u0117puojan\u010dia juosta, o apatinius \u2013 <span class=\"il\">perforuota<\/span> ir kv\u0117puojan\u010dia juosta (kad i\u0161eit\u0173 dr\u0117gm\u0117).<\/div>\n<div>Taip pat rekomenduojame ant dugno u\u017ed\u0117ti U formos juostel\u0119 ir apsaugai kv\u0117puojan\u010di\u0105 juostel\u0119.<\/div>\n<p><a href=\"https:\/\/www.pinterest.com\/mwlconstruct\/kasvuhoone\/\">Pinterest<\/a><br \/>\n<a href=\"http:\/\/www.vitavia.ee\/\" rel=\"nofollow\">Vitavia<\/a><\/p>\n","protected":false},"excerpt":{"rendered":"<p>Atspari oro s\u0105lygoms neperforuota juosta \u2013 vir\u0161utiniam atviram laminuoto plastiko galo sandarinimui: plotis 28 mm, 6,5 metro \u2013 kaina 15 eur plotis 28 mm, 33 metrai \u2013 kaina 35 eur plotis 38 mm, 6,5 metro \u2013 kaina 19 eur plotis 38 mm, 33 metrai \u2013 kaina 45 eur U formos juostel\u0117 6 mm polikarbonatui juostinei &#8230; <\/p>\n<p class=\"read-more-container\"><a title=\"Neperforuota galin\u0117 juosta laminuotam plastikui\" class=\"read-more button\" href=\"https:\/\/vitavia.lt\/kasvuhoone\/toode\/neperforuota-galine-juosta-laminuotam-plastikui\/#more-29706\" aria-label=\"Read more about Neperforuota galin\u0117 juosta laminuotam plastikui\">Read more<\/a><\/p>\n","protected":false},"featured_media":14467,"comment_status":"closed","ping_status":"closed","template":"","meta":[],"product_brand":[],"product_cat":[993],"product_tag":[],"class_list":{"0":"post-29706","1":"product","2":"type-product","3":"status-publish","4":"has-post-thumbnail","6":"product_cat-siltnamio-priedas","7":"infinite-scroll-item","8":"no-featured-image-padding","9":"sales-flash-overlay","10":"woocommerce-text-align-left","11":"woocommerce-image-align-center","12":"do-quantity-buttons","14":"first","15":"instock","16":"shipping-taxable","17":"purchasable","18":"product-type-simple"},"_links":{"self":[{"href":"https:\/\/vitavia.lt\/kasvuhoone\/wp-json\/wp\/v2\/product\/29706","targetHints":{"allow":["GET"]}}],"collection":[{"href":"https:\/\/vitavia.lt\/kasvuhoone\/wp-json\/wp\/v2\/product"}],"about":[{"href":"https:\/\/vitavia.lt\/kasvuhoone\/wp-json\/wp\/v2\/types\/product"}],"replies":[{"embeddable":true,"href":"https:\/\/vitavia.lt\/kasvuhoone\/wp-json\/wp\/v2\/comments?post=29706"}],"wp:featuredmedia":[{"embeddable":true,"href":"https:\/\/vitavia.lt\/kasvuhoone\/wp-json\/wp\/v2\/media\/14467"}],"wp:attachment":[{"href":"https:\/\/vitavia.lt\/kasvuhoone\/wp-json\/wp\/v2\/media?parent=29706"}],"wp:term":[{"taxonomy":"product_brand","embeddable":true,"href":"https:\/\/vitavia.lt\/kasvuhoone\/wp-json\/wp\/v2\/product_brand?post=29706"},{"taxonomy":"product_cat","embeddable":true,"href":"https:\/\/vitavia.lt\/kasvuhoone\/wp-json\/wp\/v2\/product_cat?post=29706"},{"taxonomy":"product_tag","embeddable":true,"href":"https:\/\/vitavia.lt\/kasvuhoone\/wp-json\/wp\/v2\/product_tag?post=29706"}],"curies":[{"name":"wp","href":"https:\/\/api.w.org\/{rel}","templated":true}]}}