{"id":24601,"date":"2024-03-08T10:42:01","date_gmt":"2024-03-08T07:42:38","guid":{"rendered":"https:\/\/vitavia.ee\/kasvuhoone\/?post_type=product&#038;p=24601"},"modified":"2025-02-11T22:40:28","modified_gmt":"2025-02-11T19:40:28","slug":"306-m-plocio-siltnamis-r3-kopeeri","status":"publish","type":"product","link":"https:\/\/vitavia.lt\/kasvuhoone\/toode\/306-m-plocio-siltnamis-r3-kopeeri\/","title":{"rendered":"\u0160iltnamis Leon, kurio plotis 3,06 m"},"content":{"rendered":"<p style=\"text-align: left;\">Patrauklus ir kokybi\u0161kas \u0161iltnamis, skirtas sodininkyst\u0117s entuziastams, kurie, <strong>be praktini\u0173 poreiki\u0173,<\/strong> \u0161iltnam\u012f mato ir <strong>kaip dekoratyvin\u012f element\u0105, harmoningai derant\u012f sode<\/strong> .<br \/>\n M\u016bs\u0173 <strong>auk\u0161tos klas\u0117s \u0161iltnamiai<\/strong> idealiai tinka kiekvienam sodininkui \u2013 ir tiems, kurie ten planuoja auginti dar\u017eoves, ir tiems, kurie nori tai panaudoti ir kaip poilsio ir atsipalaidavimo viet\u0105.<br \/>\n Ir visa tai su <strong>geriausiu kokyb\u0117s<\/strong> ir kainos santykiu!<br \/>\n <strong>R\u0117mo spalva:<\/strong> aliuminio karkass , milteliniu b\u016bdu da\u017eytas tamsiai pilkas RAL 7039 (arba j\u016bs\u0173 pasirinkta RAL spalva u\u017e papildom\u0105 mokest\u012f)<\/p>\n<p><strong>MATMENYS IR INFORMACIJA:<\/strong><\/p>\n<ul>\n<li>Klasikinis \u0161iltnamis, kurio plotis 3,06 m, ilgis 4,45 m, plotas 13,62 m2.<\/li>\n<li>\u0160iltnamis turi pla\u010dias dvigubas duris ilgesn\u0117je \u0161onin\u0117je sienel\u0117je.<\/li>\n<li>2 dideli stogo langai 84 cm x 73 cm u\u017etikrina ger\u0105 oro cirkuliacij\u0105.<\/li>\n<li>Stogo kraigo auk\u0161tis, \u012fskaitant pagrindin\u012f r\u0117m\u0105, yra 2,83 m, o \u0161onin\u0117s sienos auk\u0161tis kartu su pagrindo r\u0117mu yra 2,03 m.<\/li>\n<li>\u0160iltnamiui suteikiama 12 met\u0173 gamyklin\u0117 garantija.<\/li>\n<\/ul>\n<p><strong>\u0160iltnam\u012f galima tvirtinti prie bet kokio paruo\u0161to akmeninio ar medinio pavir\u0161iaus su pagrindiniu karkasu, taip pat b\u016btinai prie betoninio ar blokinio pamato.<\/strong><br \/>\n Tvirtas aliuminio pagrindo karkasas suteikia \u0161iltnamiui didesn\u012f stabilum\u0105 ir palengvina surinkim\u0105. Pagrindo r\u0117mas pagamintas i\u0161 tvirto karpinio ir yra dviej\u0173 kamer\u0173, tod\u0117l yra ypa\u010d tvirtas, pavyzd\u017eiui, prie\u0161 \u0161alt\u012f. Prie pagrindo r\u0117mo pritvirtinti inkariniai lynai, kuriuos galima \u012fkasti \u012f \u017eem\u0119 arba supilti \u012f mi\u0161in\u012f. Tod\u0117l subr\u0117mas taip pat gali b\u016bti atskiro pamato pakaitalas.<\/p>\n<p>\u0160iltnamio <strong>4 mm gr\u016bdintas stiklas<\/strong> yra iki 7 kart\u0173 tvirtesnis u\u017e \u012fprast\u0105 \u0161iltnamio stikl\u0105. Tai rei\u0161kia didesn\u012f saugum\u0105 montuojant ir v\u0117liau naudojant. Jei stiklas sudu\u017et\u0173, nelikt\u0173 pavojing\u0173 a\u0161tri\u0173 \u0161uki\u0173, o tik stiklo \u0161uk\u0117s, kaip kad sudu\u017eus automobilio langui. \u0160ios skaldos nepa\u017eeis ir nesutrikdys \u0161iltnamio dirvo\u017eemio.<\/p>\n<p><img loading=\"lazy\" decoding=\"async\" class=\"alignnone size-medium wp-image-10160\" src=\"https:\/\/mwlconstruct.eu\/e-pood\/wp-content\/uploads\/2020\/10\/Tugeva_raamiga_kasvuhoone-300x202.jpg\" alt=\"\" width=\"300\" height=\"202\"><a href=\"https:\/\/mwlconstruct.eu\/e-pood\/wp-content\/uploads\/2020\/10\/ACD-kasvuhooned-ja-aiapaviljonid.jpg\"><img loading=\"lazy\" decoding=\"async\" class=\"alignnone wp-image-10172 size-medium\" src=\"https:\/\/mwlconstruct.eu\/e-pood\/wp-content\/uploads\/2020\/10\/ACD-kasvuhooned-ja-aiapaviljonid-300x225.jpg\" alt=\"\" width=\"300\" height=\"225\"><\/a><\/p>\n<p>&nbsp;<\/p>\n","protected":false},"excerpt":{"rendered":"<p>Plotis 3,06m x ilgis 4,45m=13,62m\u00b2<\/p>\n","protected":false},"featured_media":24649,"comment_status":"closed","ping_status":"closed","template":"","meta":[],"product_brand":[],"product_cat":[408],"product_tag":[400,401,402,403,404,1768,405,1607,399],"class_list":{"0":"post-24601","1":"product","2":"type-product","3":"status-publish","4":"has-post-thumbnail","6":"product_cat-star","7":"product_tag-siltnamiai","8":"product_tag-siltnamis-lt","9":"product_tag-siltnamis-lt-2","10":"product_tag-siltnamiai-lt","11":"product_tag-triiphone-lt","12":"product_tag-sonai-is-grudinto-stiklo-ir-stogas-is-grudinto-matinio-stiklo","13":"product_tag-triplex-lt","14":"product_tag-grudintas-stiklas","15":"product_tag-siltnamis","16":"pa_kattematerjal-sonai-4-mm-grudintas-stiklas-ir-stogas-4-mm-grudintas-matinis-stiklas","17":"pa_kulje-korgus-203-m-lt","18":"pa_laius-306-m-lt","19":"pa_pikkus-445-m-lt","20":"pa_pindala-1362-m-lt","21":"pa_pindala_vahemik-12-16-m-lt","22":"pa_tipu-korgus-283-m-lt","23":"pa_varv-milteliniu-budu-dazytas-ral-7039","24":"pa_varv-milteliniu-budu-dengtas-kitomis-ral-spalvomis","25":"infinite-scroll-item","26":"no-featured-image-padding","27":"sales-flash-overlay","28":"woocommerce-text-align-left","29":"woocommerce-image-align-center","30":"do-quantity-buttons","32":"first","33":"instock","34":"sale","35":"shipping-taxable","36":"purchasable","37":"product-type-variable","38":"has-default-attributes"},"_links":{"self":[{"href":"https:\/\/vitavia.lt\/kasvuhoone\/wp-json\/wp\/v2\/product\/24601","targetHints":{"allow":["GET"]}}],"collection":[{"href":"https:\/\/vitavia.lt\/kasvuhoone\/wp-json\/wp\/v2\/product"}],"about":[{"href":"https:\/\/vitavia.lt\/kasvuhoone\/wp-json\/wp\/v2\/types\/product"}],"replies":[{"embeddable":true,"href":"https:\/\/vitavia.lt\/kasvuhoone\/wp-json\/wp\/v2\/comments?post=24601"}],"wp:featuredmedia":[{"embeddable":true,"href":"https:\/\/vitavia.lt\/kasvuhoone\/wp-json\/wp\/v2\/media\/24649"}],"wp:attachment":[{"href":"https:\/\/vitavia.lt\/kasvuhoone\/wp-json\/wp\/v2\/media?parent=24601"}],"wp:term":[{"taxonomy":"product_brand","embeddable":true,"href":"https:\/\/vitavia.lt\/kasvuhoone\/wp-json\/wp\/v2\/product_brand?post=24601"},{"taxonomy":"product_cat","embeddable":true,"href":"https:\/\/vitavia.lt\/kasvuhoone\/wp-json\/wp\/v2\/product_cat?post=24601"},{"taxonomy":"product_tag","embeddable":true,"href":"https:\/\/vitavia.lt\/kasvuhoone\/wp-json\/wp\/v2\/product_tag?post=24601"}],"curies":[{"name":"wp","href":"https:\/\/api.w.org\/{rel}","templated":true}]}}