{"id":21064,"date":"2018-12-28T17:26:38","date_gmt":"2024-02-05T15:56:54","guid":{"rendered":"https:\/\/vitavia.ee\/kasvuhoone\/toode\/siltnamio-seseliu-uzuolaida\/"},"modified":"2024-02-05T18:56:54","modified_gmt":"2024-02-05T15:56:54","slug":"siltnamio-seseliu-uzuolaida","status":"publish","type":"product","link":"https:\/\/vitavia.lt\/kasvuhoone\/toode\/siltnamio-seseliu-uzuolaida\/","title":{"rendered":"\u0160iltnamio \u0161e\u0161\u0117li\u0173 u\u017euolaida"},"content":{"rendered":"<h4><strong>\u0160e\u0161\u0117lin\u0117 u\u017edanga, skirta apsaugoti augalus ant \u0161iltnamio stogo ar \u0161on\u0173.<\/strong><\/h4>\n<p>Atspalvi\u0173 u\u017edanga apsaugo augalus \u0161iltnamyje nuo pernelyg aktyvios saul\u0117s.<br \/>\nAtspalvio u\u017euolaidos dydis 1830 mm x 2590 mm.<\/p>\n<p>U\u017etemdan\u010di\u0173 u\u017euolaid\u0173 komplekt\u0105 sudaro baltas audinys, pakabinamas virvel\u0117 ir pakabinami segtukai.<\/p>\n","protected":false},"excerpt":{"rendered":"<p>\u0160e\u0161\u0117lin\u0117 u\u017edanga, skirta apsaugoti augalus ant \u0161iltnamio stogo ar \u0161on\u0173. Atspalvi\u0173 u\u017edanga apsaugo augalus \u0161iltnamyje nuo pernelyg aktyvios saul\u0117s. Atspalvio u\u017euolaidos dydis 1830 mm x 2590 mm. U\u017etemdan\u010di\u0173 u\u017euolaid\u0173 komplekt\u0105 sudaro baltas audinys, pakabinamas virvel\u0117 ir pakabinami segtukai.<\/p>\n","protected":false},"featured_media":14070,"comment_status":"closed","ping_status":"closed","template":"","meta":[],"product_brand":[],"product_cat":[993],"product_tag":[],"class_list":{"0":"post-21064","1":"product","2":"type-product","3":"status-publish","4":"has-post-thumbnail","6":"product_cat-siltnamio-priedas","7":"infinite-scroll-item","8":"no-featured-image-padding","9":"sales-flash-overlay","10":"woocommerce-text-align-left","11":"woocommerce-image-align-center","12":"do-quantity-buttons","14":"first","15":"instock","16":"shipping-taxable","17":"purchasable","18":"product-type-simple"},"_links":{"self":[{"href":"https:\/\/vitavia.lt\/kasvuhoone\/wp-json\/wp\/v2\/product\/21064","targetHints":{"allow":["GET"]}}],"collection":[{"href":"https:\/\/vitavia.lt\/kasvuhoone\/wp-json\/wp\/v2\/product"}],"about":[{"href":"https:\/\/vitavia.lt\/kasvuhoone\/wp-json\/wp\/v2\/types\/product"}],"replies":[{"embeddable":true,"href":"https:\/\/vitavia.lt\/kasvuhoone\/wp-json\/wp\/v2\/comments?post=21064"}],"wp:featuredmedia":[{"embeddable":true,"href":"https:\/\/vitavia.lt\/kasvuhoone\/wp-json\/wp\/v2\/media\/14070"}],"wp:attachment":[{"href":"https:\/\/vitavia.lt\/kasvuhoone\/wp-json\/wp\/v2\/media?parent=21064"}],"wp:term":[{"taxonomy":"product_brand","embeddable":true,"href":"https:\/\/vitavia.lt\/kasvuhoone\/wp-json\/wp\/v2\/product_brand?post=21064"},{"taxonomy":"product_cat","embeddable":true,"href":"https:\/\/vitavia.lt\/kasvuhoone\/wp-json\/wp\/v2\/product_cat?post=21064"},{"taxonomy":"product_tag","embeddable":true,"href":"https:\/\/vitavia.lt\/kasvuhoone\/wp-json\/wp\/v2\/product_tag?post=21064"}],"curies":[{"name":"wp","href":"https:\/\/api.w.org\/{rel}","templated":true}]}}