{"id":20414,"date":"2018-12-28T18:39:14","date_gmt":"2023-08-30T06:38:16","guid":{"rendered":"https:\/\/vitavia.ee\/kasvuhoone\/toode\/siltnamio-lietvamzdziai\/"},"modified":"2023-08-30T09:38:16","modified_gmt":"2023-08-30T06:38:16","slug":"siltnamio-lietvamzdziai","status":"publish","type":"product","link":"https:\/\/vitavia.lt\/kasvuhoone\/toode\/siltnamio-lietvamzdziai\/","title":{"rendered":"\u0160iltnamio lietvamzd\u017eiai"},"content":{"rendered":"<h4><strong>Lietaus vamzd\u017eiai lietaus vandeniui nukreipti nuo \u0161iltnamio stogo.<\/strong><\/h4>\n<p>Trumpi lietvamzd\u017eiai iki \u0161iltnamio latak\u0173 galo.<\/p>\n<p>Komplekte yra 2 trumpi vandens vamzdeliai, skirti nukreipti vanden\u012f \u012f vandens surinkimo ind\u0105.<\/p>\n","protected":false},"excerpt":{"rendered":"<p>Lietaus vamzd\u017eiai lietaus vandeniui nukreipti nuo \u0161iltnamio stogo. Trumpi lietvamzd\u017eiai iki \u0161iltnamio latak\u0173 galo. Komplekte yra 2 trumpi vandens vamzdeliai, skirti nukreipti vanden\u012f \u012f vandens surinkimo ind\u0105.<\/p>\n","protected":false},"featured_media":14093,"comment_status":"closed","ping_status":"closed","template":"","meta":[],"product_brand":[],"product_cat":[993],"product_tag":[],"class_list":{"0":"post-20414","1":"product","2":"type-product","3":"status-publish","4":"has-post-thumbnail","6":"product_cat-siltnamio-priedas","7":"infinite-scroll-item","8":"no-featured-image-padding","9":"sales-flash-overlay","10":"woocommerce-text-align-left","11":"woocommerce-image-align-center","12":"do-quantity-buttons","14":"first","15":"instock","16":"shipping-taxable","17":"purchasable","18":"product-type-simple"},"_links":{"self":[{"href":"https:\/\/vitavia.lt\/kasvuhoone\/wp-json\/wp\/v2\/product\/20414","targetHints":{"allow":["GET"]}}],"collection":[{"href":"https:\/\/vitavia.lt\/kasvuhoone\/wp-json\/wp\/v2\/product"}],"about":[{"href":"https:\/\/vitavia.lt\/kasvuhoone\/wp-json\/wp\/v2\/types\/product"}],"replies":[{"embeddable":true,"href":"https:\/\/vitavia.lt\/kasvuhoone\/wp-json\/wp\/v2\/comments?post=20414"}],"wp:featuredmedia":[{"embeddable":true,"href":"https:\/\/vitavia.lt\/kasvuhoone\/wp-json\/wp\/v2\/media\/14093"}],"wp:attachment":[{"href":"https:\/\/vitavia.lt\/kasvuhoone\/wp-json\/wp\/v2\/media?parent=20414"}],"wp:term":[{"taxonomy":"product_brand","embeddable":true,"href":"https:\/\/vitavia.lt\/kasvuhoone\/wp-json\/wp\/v2\/product_brand?post=20414"},{"taxonomy":"product_cat","embeddable":true,"href":"https:\/\/vitavia.lt\/kasvuhoone\/wp-json\/wp\/v2\/product_cat?post=20414"},{"taxonomy":"product_tag","embeddable":true,"href":"https:\/\/vitavia.lt\/kasvuhoone\/wp-json\/wp\/v2\/product_tag?post=20414"}],"curies":[{"name":"wp","href":"https:\/\/api.w.org\/{rel}","templated":true}]}}