{"id":19373,"date":"2016-01-02T22:13:49","date_gmt":"2016-01-02T22:13:49","guid":{"rendered":"https:\/\/vitavia.ee\/kasvuhoone\/toode\/siltnamis-vitavia-cassandra-9900\/"},"modified":"2023-05-22T19:06:45","modified_gmt":"2023-05-22T16:06:45","slug":"siltnamis-vitavia-cassandra-9900","status":"publish","type":"product","link":"https:\/\/vitavia.lt\/kasvuhoone\/toode\/siltnamis-vitavia-cassandra-9900\/","title":{"rendered":"\u0160iltnamis Vitavia Cassandra 9900"},"content":{"rendered":"<h3><strong>Vitavia CASSANDRA &#8211; patrauklus angli\u0161ko stiliaus \u0161iltnamis.<\/strong><\/h3>\n<p>2,57 m plo\u010dio \u0161iltnamis yra dviej\u0173 skirting\u0173 ilgi\u0173.<br \/>\n2,46 m auk\u0161\u010dio \u0161laitinis stogas ir 1,51 m auk\u0161\u010dio bortai u\u017etikrina pakankamai erdv\u0117s ir erdvumo.<br \/>\nJaukus ir gra\u017eus modelis su cokoliu, kur skirtingi cokolio konstrukcijos variantai garantuoja Jums personalizuot\u0105, stiling\u0105 rezultat\u0105.<\/p>\n<p>\u0160iltnamio priekyje yra dvigubos stumdomos durys, kurios gali b\u016bti tvirtinamos skirtingose atvirose pad\u0117tyse.<\/p>\n<p>Abu \u201eCassandra\u201c modeliai turi keturis stoglangius.<\/p>\n<p><strong>\u201eCassandra\u201c \u0161iltnamio dyd\u017ei\u0173 lentel\u0117 skirtingiems modeliams:<\/strong><\/p>\n<div class=\"tabel-scroll-x\">\n<table class=\"spec\" border=\"0\">\n<tbody>\n<tr>\n<th style=\"text-align: left;\" width=\"90\">Modelis<\/th>\n<th style=\"text-align: left;\" width=\"72\">Plotas<\/th>\n<th style=\"text-align: left;\" width=\"72\">Ilgis<\/th>\n<th style=\"text-align: left;\" width=\"72\">Plotis<\/th>\n<th style=\"text-align: left;\" width=\"72\">\u0160onin\u0117 pus\u0117<\/th>\n<th style=\"text-align: left;\" width=\"72\">Auk\u0161tis<\/th>\n<th style=\"text-align: left;\" width=\"50\">Aknaid<\/th>\n<\/tr>\n<tr>\n<td>Cassandra 9900<\/td>\n<td>9<sup>.9m2<\/sup><\/td>\n<td>3,85 m<\/td>\n<td>2.57m<\/td>\n<td> 1,51 m<\/td>\n<td>2.46m<\/td>\n<td>4<\/td>\n<\/tr>\n<tr>\n<td>Kasandra 11500<\/td>\n<td>11<sup>.5m2<\/sup><\/td>\n<td>4,48 m<\/td>\n<td>2.57m<\/td>\n<td> 1,51 m<\/td>\n<td>2.46m<\/td>\n<td>4<\/td>\n<\/tr>\n<\/tbody>\n<\/table>\n<\/div>\n<p><em>&#8211; pilka ir juoda kaip spalv\u0173 parinktys<br \/>\n&#8211; 3 mm gr\u016bdinto stiklo gaubtas<br \/>\n&#8211; priekyje dvi stumdomos durys<br \/>\n&#8211; 4 stoglangiai<br \/>\n<\/em><\/p>\n<p>R\u0117mas pagamintas i\u0161 anoduoto aliuminio (aliuminiui suteikiama ilgalaik\u0117 gra\u017ei i\u0161vaizda ir ilgaam\u017ei\u0161kumas), j\u012f taip pat galima da\u017eyti milteliniu b\u016bdu.<\/p>\n<p>Galima u\u017esisakyti \u012fvairi\u0173 papildom\u0173 pried\u0173: lang\u0105, apatin\u012f v\u0117dinimo liuk\u0105, automatin\u012f lango atidarym\u0105, pagrindo r\u0117m\u0105, vidines lentynas ir t. t.<\/p>\n<p><strong><a href=\"http:\/\/mwlconstruct.eu\/e-pood\/tootekategooria\/kasvuhoone-lisavarustus\/\" target=\"_blank\" rel=\"noopener noreferrer\">\u017dr. priedus<\/a><\/strong><\/p>\n<p><em>Fondas tikrai n\u0117ra b\u016btinas, bet pageidautinas.<br \/>\n\u012e gaminio kain\u0105 ne\u012fskai\u010diuotas cokolis arba pagrindo r\u0117mas.<\/em><\/p>\n<h3><a href=\"https:\/\/youtu.be\/-4zXyeMetnM\" target=\"_blank\" rel=\"noopener noreferrer\">&#8220;Vitavia&#8221; demonstracinis vaizdo \u012fra\u0161as  <\/a><\/h3>\n","protected":false},"excerpt":{"rendered":"<p><span title=\"Visus matmenis \u017er. toliau pateiktoje lentel\u0117je\">2,57 m x 3,85 m = 9,9 m\u00b2<\/span><br \/>\n<span style=\"color: #f5bd2f;\"><strong>M\u0117nesinis mokestis nuo 105,58 \u20ac<\/strong><\/span><\/p>\n","protected":false},"featured_media":13481,"comment_status":"closed","ping_status":"closed","template":"","meta":[],"product_brand":[],"product_cat":[506],"product_tag":[1607],"class_list":{"0":"post-19373","1":"product","2":"type-product","3":"status-publish","4":"has-post-thumbnail","6":"product_cat-cassandra-lt","7":"product_tag-grudintas-stiklas","8":"pa_kattematerjal-grudintas-stiklas","9":"pa_kulje-korgus-154-m-lt","10":"pa_laius-257-m-lt","11":"pa_pikkus-384-m-lt","12":"pa_pindala-99-m2-lt","13":"pa_pindala_vahemik-9-12-m-lt","14":"pa_tipu-korgus-246-m-lt","15":"pa_varv-juodas","16":"pa_varv-sale","17":"infinite-scroll-item","18":"no-featured-image-padding","19":"sales-flash-overlay","20":"woocommerce-text-align-left","21":"woocommerce-image-align-center","22":"do-quantity-buttons","24":"first","25":"instock","26":"shipping-taxable","27":"purchasable","28":"product-type-variable"},"_links":{"self":[{"href":"https:\/\/vitavia.lt\/kasvuhoone\/wp-json\/wp\/v2\/product\/19373","targetHints":{"allow":["GET"]}}],"collection":[{"href":"https:\/\/vitavia.lt\/kasvuhoone\/wp-json\/wp\/v2\/product"}],"about":[{"href":"https:\/\/vitavia.lt\/kasvuhoone\/wp-json\/wp\/v2\/types\/product"}],"replies":[{"embeddable":true,"href":"https:\/\/vitavia.lt\/kasvuhoone\/wp-json\/wp\/v2\/comments?post=19373"}],"wp:featuredmedia":[{"embeddable":true,"href":"https:\/\/vitavia.lt\/kasvuhoone\/wp-json\/wp\/v2\/media\/13481"}],"wp:attachment":[{"href":"https:\/\/vitavia.lt\/kasvuhoone\/wp-json\/wp\/v2\/media?parent=19373"}],"wp:term":[{"taxonomy":"product_brand","embeddable":true,"href":"https:\/\/vitavia.lt\/kasvuhoone\/wp-json\/wp\/v2\/product_brand?post=19373"},{"taxonomy":"product_cat","embeddable":true,"href":"https:\/\/vitavia.lt\/kasvuhoone\/wp-json\/wp\/v2\/product_cat?post=19373"},{"taxonomy":"product_tag","embeddable":true,"href":"https:\/\/vitavia.lt\/kasvuhoone\/wp-json\/wp\/v2\/product_tag?post=19373"}],"curies":[{"name":"wp","href":"https:\/\/api.w.org\/{rel}","templated":true}]}}