{"id":19308,"date":"2018-01-12T12:31:41","date_gmt":"2018-01-12T12:31:41","guid":{"rendered":"https:\/\/vitavia.ee\/kasvuhoone\/toode\/siltnamis-vitavia-orion-3800\/"},"modified":"2023-05-22T18:42:11","modified_gmt":"2023-05-22T15:42:11","slug":"siltnamis-vitavia-orion-3800","status":"publish","type":"product","link":"https:\/\/vitavia.lt\/kasvuhoone\/toode\/siltnamis-vitavia-orion-3800\/","title":{"rendered":"\u0160iltnamis Vitavia Orion 3800"},"content":{"rendered":"<h3><strong>Vitavia ORION &#8211; patrauklaus dizaino ir pasaki\u0161kos formos \u0161iltnamis.<\/strong><\/h3>\n<p>1,93 m plo\u010dio ir 2,3 m auk\u0161\u010dio \u0161iltnamis yra dviej\u0173 skirting\u0173 ilgi\u0173.<br \/>\n\u0160iltnamis \u0161viesus ir patrauklus, puo\u0161iantis kiekvien\u0173 nam\u0173 sod\u0105.<\/p>\n<p>\u0160iltnamio priekyje yra stumdomos durys, kuri\u0173 matmenys 0,6 mx 2 m, jas galima tvirtinti \u012fvairiose atvirose pad\u0117tyse.<\/p>\n<p>Orion \u0161iltnamis turi vien\u0105 stoglang\u012f ir lietvamzd\u017eius.<\/p>\n<p><strong>Skirting\u0173 Saturno \u0161iltnamio modeli\u0173 dyd\u017ei\u0173 lentel\u0117:<\/strong><\/p>\n<div class=\"tabel-scroll-x\">\n<table class=\"spec\" border=\"0\">\n<tbody>\n<tr>\n<th style=\"text-align: left;\" width=\"90\">Modelis<\/th>\n<th style=\"text-align: left;\" width=\"72\">Plotas<\/th>\n<th style=\"text-align: left;\" width=\"72\">Ilgis<\/th>\n<th style=\"text-align: left;\" width=\"72\">Plotis<\/th>\n<th style=\"text-align: left;\" width=\"72\">\u0160onin\u0117 pus\u0117<\/th>\n<th style=\"text-align: left;\" width=\"72\">Auk\u0161tis<\/th>\n<th style=\"text-align: left;\" width=\"50\">Aknaid<\/th>\n<\/tr>\n<tr>\n<td>Orion 3800<\/td>\n<td>3,8 <sup>m2<\/sup><\/td>\n<td>1,93 m<\/td>\n<td>1,95 m<\/td>\n<td>1,24 m<\/td>\n<td>2,3 m<\/td>\n<td>1<\/td>\n<\/tr>\n<tr>\n<td>Orion 5000<\/td>\n<td>5 <sup>m2<\/sup><\/td>\n<td>1,93 m<\/td>\n<td>2,57 m<\/td>\n<td> 1,24 m<\/td>\n<td>2,3 m<\/td>\n<td>1<\/td>\n<\/tr>\n<\/tbody>\n<\/table>\n<\/div>\n<p><em>&#8211; galima \u012fsigyti pilkos ir \u017ealios spalvos<br \/>\n&#8211; 3 mm vieno stiklo dangtelis<br \/>\n&#8211; b\u016bt\u0173 vieni\u0161as priekyje<br \/>\n&#8211; 1 stoglangis<br \/>\n&#8211; Pagrindinis r\u0117mas yra visuose modeliuose<\/em><\/p>\n<p>R\u0117mas pagamintas i\u0161 anoduoto aliuminio (ilgaam\u017e\u0117 gra\u017ei i\u0161vaizda ir aliuminio patvarumas), taip pat galima \u012fsigyti milteliniu b\u016bdu da\u017eyt\u0105.<\/p>\n<p>Galima u\u017esisakyti \u012fvairi\u0173 papildom\u0173 pried\u0173: lang\u0105, apatin\u012f v\u0117dinimo liuk\u0105, automatin\u012f lango atidarym\u0105, pagrindo r\u0117m\u0105, vidines lentynas ir t. t.<\/p>\n<p><strong><a href=\"http:\/\/mwlconstruct.eu\/e-pood\/tootekategooria\/kasvuhoone-lisavarustus\/\" target=\"_blank\" rel=\"noopener noreferrer\">\u017dr. priedus<\/a><\/strong><\/p>\n<p><em>Fondas tikrai n\u0117ra b\u016btinas, bet pageidautinas.<br \/>\nJei \u0161iltnamis turi pagrindo r\u0117m\u0105, j\u012f galima pritvirtinti prie \u017eol\u0117s ar bet kokio kito paruo\u0161to pavir\u0161iaus.<br \/>\n\u012e kain\u0105 ne\u012fskai\u010diuotas pagrindinis r\u0117mas.<\/em><\/p>\n<h3><a href=\"https:\/\/youtu.be\/-4zXyeMetnM\" target=\"_blank\" rel=\"noopener noreferrer\">&#8220;Vitavia&#8221; demonstracinis vaizdo \u012fra\u0161as  <\/a><\/h3>\n","protected":false},"excerpt":{"rendered":"<p><span title=\"Visus matmenis \u017er. toliau pateiktoje lentel\u0117je\">1,93 m x 1,95 m = 3,8 m\u00b2<\/span><br \/>\n<span style=\"color: #f5bd2f;\"><strong>M\u0117nesin\u0117 \u012fmoka al. 49,58 \u20ac<\/strong><\/span><\/p>\n","protected":false},"featured_media":13751,"comment_status":"closed","ping_status":"closed","template":"","meta":[],"product_brand":[],"product_cat":[978],"product_tag":[1608],"class_list":{"0":"post-19308","1":"product","2":"type-product","3":"status-publish","4":"has-post-thumbnail","6":"product_cat-orion-lt","7":"product_tag-stiklo","8":"pa_kulje-korgus-182-m-lt","9":"pa_laius-193-m-lt","10":"pa_pikkus-195-m-lt","11":"pa_pindala-38-m2-lt","12":"pa_pindala_vahemik-09-5-m-lt","13":"pa_tipu-korgus-230-m-lt","14":"pa_varv-sale","15":"infinite-scroll-item","16":"no-featured-image-padding","17":"sales-flash-overlay","18":"woocommerce-text-align-left","19":"woocommerce-image-align-center","20":"do-quantity-buttons","22":"first","23":"instock","24":"shipping-taxable","25":"purchasable","26":"product-type-variable","27":"has-default-attributes"},"_links":{"self":[{"href":"https:\/\/vitavia.lt\/kasvuhoone\/wp-json\/wp\/v2\/product\/19308","targetHints":{"allow":["GET"]}}],"collection":[{"href":"https:\/\/vitavia.lt\/kasvuhoone\/wp-json\/wp\/v2\/product"}],"about":[{"href":"https:\/\/vitavia.lt\/kasvuhoone\/wp-json\/wp\/v2\/types\/product"}],"replies":[{"embeddable":true,"href":"https:\/\/vitavia.lt\/kasvuhoone\/wp-json\/wp\/v2\/comments?post=19308"}],"wp:featuredmedia":[{"embeddable":true,"href":"https:\/\/vitavia.lt\/kasvuhoone\/wp-json\/wp\/v2\/media\/13751"}],"wp:attachment":[{"href":"https:\/\/vitavia.lt\/kasvuhoone\/wp-json\/wp\/v2\/media?parent=19308"}],"wp:term":[{"taxonomy":"product_brand","embeddable":true,"href":"https:\/\/vitavia.lt\/kasvuhoone\/wp-json\/wp\/v2\/product_brand?post=19308"},{"taxonomy":"product_cat","embeddable":true,"href":"https:\/\/vitavia.lt\/kasvuhoone\/wp-json\/wp\/v2\/product_cat?post=19308"},{"taxonomy":"product_tag","embeddable":true,"href":"https:\/\/vitavia.lt\/kasvuhoone\/wp-json\/wp\/v2\/product_tag?post=19308"}],"curies":[{"name":"wp","href":"https:\/\/api.w.org\/{rel}","templated":true}]}}