{"id":17448,"date":"2015-12-31T10:57:14","date_gmt":"2015-12-31T10:57:14","guid":{"rendered":"https:\/\/vitavia.ee\/kasvuhoone\/toode\/siltnamis-vitavia-neptun-11500\/"},"modified":"2023-05-17T12:51:43","modified_gmt":"2023-05-17T09:51:43","slug":"augimo-vienetas-vitavija-neptunas-11500","status":"publish","type":"product","link":"https:\/\/vitavia.lt\/kasvuhoone\/toode\/augimo-vienetas-vitavija-neptunas-11500\/","title":{"rendered":"\u0160iltnamis Vitavia Neptun 11500"},"content":{"rendered":"<h3><strong>&#8220;Vitavia NEPTUN&#8221; &#8211; eleganti\u0161kas dani\u0161kas \u0161iltnamis garbingam sodui.<\/strong><\/h3>\n<p>2,57 m plo\u010dio \u0161iltnam\u012f galima \u012fsigyti keturi\u0173 skirting\u0173 ilgi\u0173.<br \/>\nPakankamai auk\u0161tame ir pla\u010diame \u0161iltnamyje augalams u\u017etenka vietos augti ir vystytis.<\/p>\n<p>&#8220;Neptun&#8221; \u0161iltnamiuose taip pat pakanka vietos, kad jie b\u016bt\u0173 original\u016bs ir \u012fdom\u016bs.<\/p>\n<p>\u0160iltnamyje yra vienos stumdomos 1,75 m auk\u0161\u010dio durys, kurias galima pastumti \u012f kair\u0119 arba \u012f de\u0161in\u0119 ir atidaryti. Atidarytas duris taip pat galima u\u017efiksuoti skirtingose atidarytose pad\u0117tyse.<\/p>\n<p>&#8220;Neptun&#8221; \u0161iltnamiai standarti\u0161kai turi du stogo langus.<\/p>\n<p><strong>Skirting\u0173 &#8220;Neptun&#8221; \u0161iltnami\u0173 modeli\u0173 dyd\u017ei\u0173 lentel\u0117:<\/strong><\/p>\n<div class=\"tabel-scroll-x\">\n<table class=\"spec\" border=\"0\">\n<tbody>\n<tr>\n<th style=\"text-align: left;\" width=\"90\">Modelis<\/th>\n<th style=\"text-align: left;\" width=\"72\">Plotas<\/th>\n<th style=\"text-align: left;\" width=\"72\">Ilgis<\/th>\n<th style=\"text-align: left;\" width=\"72\">Plotis<\/th>\n<th style=\"text-align: left;\" width=\"72\">\u0160onin\u0117 pus\u0117<\/th>\n<th style=\"text-align: left;\" width=\"72\">Auk\u0161tis<\/th>\n<th style=\"text-align: left;\" width=\"50\">Aknaid<\/th>\n<\/tr>\n<tr>\n<td>Nept\u016bnas 6700<\/td>\n<td>6<sup>.7m2<\/sup><\/td>\n<td>2.58m<\/td>\n<td>2.57m<\/td>\n<td>1.35m<\/td>\n<td>2.30m<\/td>\n<td>2<\/td>\n<\/tr>\n<tr>\n<td>Nept\u016bnas 8300<\/td>\n<td>8<sup>.3m2<\/sup><\/td>\n<td>3.21m<\/td>\n<td>2.57m<\/td>\n<td>1.35m<\/td>\n<td>2.30m<\/td>\n<td>2<\/td>\n<\/tr>\n<tr>\n<td>Nept\u016bnas 9900<\/td>\n<td>9<sup>.9m2<\/sup><\/td>\n<td>3.84m<\/td>\n<td>2.57m<\/td>\n<td>1.35m<\/td>\n<td>2.30m<\/td>\n<td>2<\/td>\n<\/tr>\n<tr>\n<td>Nept\u016bnas 11500<\/td>\n<td>11<sup>.5m2<\/sup><\/td>\n<td>4.46m<\/td>\n<td>2.57m<\/td>\n<td>1.35m<\/td>\n<td>2.30m<\/td>\n<td>2<\/td>\n<\/tr>\n<\/tbody>\n<\/table>\n<\/div>\n<p><em>&#8211; galima \u012fsigyti pilkos ir \u017ealios spalvos<br \/>\n&#8211; 3 mm stiklo, gr\u016bdinto stiklo arba 6 mm polikarbonato dang\u010dio pasirinkimas<br \/>\n&#8211; priekin\u0117s vienos stumdomos durys<br \/>\n&#8211; 2 stogo langai<br \/>\n&#8211; visi modeliai turi pagrindin\u012f r\u0117m\u0105<\/em><\/p>\n<p>R\u0117mas pagamintas i\u0161 anoduoto aliuminio (aliuminiui suteikiama ilgalaik\u0117 gra\u017ei i\u0161vaizda ir ilgaam\u017ei\u0161kumas), j\u012f taip pat galima da\u017eyti milteliniu b\u016bdu.<\/p>\n<p>Galima u\u017esisakyti \u012fvairi\u0173 papildom\u0173 pried\u0173: lang\u0105, apatin\u012f v\u0117dinimo liuk\u0105, automatin\u012f lango atidarym\u0105, pagrindo r\u0117m\u0105, vidines lentynas ir t. t.<\/p>\n<p><strong><a href=\"http:\/\/mwlconstruct.eu\/e-pood\/tootekategooria\/kasvuhoone-lisavarustus\/\" target=\"_blank\" rel=\"noopener noreferrer\">\u017dr. priedus<\/a><\/strong><\/p>\n<p><em>Fondas tikrai n\u0117ra b\u016btinas, bet pageidautinas.<br \/>\nJei \u0161iltnamis turi pagrindo r\u0117m\u0105, j\u012f galima pritvirtinti prie \u017eol\u0117s ar bet kokio kito paruo\u0161to pavir\u0161iaus.<br \/>\n\u012e kain\u0105 ne\u012fskai\u010diuotas pagrindinis r\u0117mas.<\/em><\/p>\n<h3><a href=\"https:\/\/youtu.be\/-4zXyeMetnM\" target=\"_blank\" rel=\"noopener noreferrer\">&#8220;Vitavia&#8221; demonstracinis vaizdo \u012fra\u0161as  <\/a><\/h3>\n","protected":false},"excerpt":{"rendered":"<p><span title=\"Visus matmenis \u017er. toliau pateiktoje lentel\u0117je\">2,57 m x 4,46 m = 11,5 m\u00b2<\/span><br \/>\n<span style=\"color: #f5bd2f;\"><strong>M\u0117nesinis mokestis nuo 87,75 \u20ac<\/strong><\/span><\/p>\n","protected":false},"featured_media":12634,"comment_status":"closed","ping_status":"closed","template":"","meta":[],"product_brand":[],"product_cat":[976],"product_tag":[1660,1704,1607,1608,1609],"class_list":{"0":"post-17448","1":"product","2":"type-product","3":"status-publish","4":"has-post-thumbnail","6":"product_cat-neptun","7":"product_tag-sonai-is-grudinto-stiklo-ir-stogas-is-polikarbonato","8":"product_tag-sonai-stiklas-ir-stogas-polikarbonatas","9":"product_tag-grudintas-stiklas","10":"product_tag-stiklo","11":"product_tag-polikarbonatas","12":"product_shipping_class-deguto-klase-65","13":"pa_kattematerjal-grudintas-stiklas","14":"pa_kattematerjal-polikarbonatas","15":"pa_kattematerjal-stiklas","16":"pa_kulje-korgus-135-m-lt","17":"pa_laius-257-m-lt","18":"pa_pikkus-446-m-lt","19":"pa_pindala-115-m2-lt","20":"pa_pindala_vahemik-9-12-m-lt","21":"pa_tipu-korgus-230-m-lt","22":"pa_varv-juodas","23":"pa_varv-sale","24":"infinite-scroll-item","25":"no-featured-image-padding","26":"sales-flash-overlay","27":"woocommerce-text-align-left","28":"woocommerce-image-align-center","29":"do-quantity-buttons","31":"first","32":"instock","33":"shipping-taxable","34":"purchasable","35":"product-type-variable"},"_links":{"self":[{"href":"https:\/\/vitavia.lt\/kasvuhoone\/wp-json\/wp\/v2\/product\/17448","targetHints":{"allow":["GET"]}}],"collection":[{"href":"https:\/\/vitavia.lt\/kasvuhoone\/wp-json\/wp\/v2\/product"}],"about":[{"href":"https:\/\/vitavia.lt\/kasvuhoone\/wp-json\/wp\/v2\/types\/product"}],"replies":[{"embeddable":true,"href":"https:\/\/vitavia.lt\/kasvuhoone\/wp-json\/wp\/v2\/comments?post=17448"}],"wp:featuredmedia":[{"embeddable":true,"href":"https:\/\/vitavia.lt\/kasvuhoone\/wp-json\/wp\/v2\/media\/12634"}],"wp:attachment":[{"href":"https:\/\/vitavia.lt\/kasvuhoone\/wp-json\/wp\/v2\/media?parent=17448"}],"wp:term":[{"taxonomy":"product_brand","embeddable":true,"href":"https:\/\/vitavia.lt\/kasvuhoone\/wp-json\/wp\/v2\/product_brand?post=17448"},{"taxonomy":"product_cat","embeddable":true,"href":"https:\/\/vitavia.lt\/kasvuhoone\/wp-json\/wp\/v2\/product_cat?post=17448"},{"taxonomy":"product_tag","embeddable":true,"href":"https:\/\/vitavia.lt\/kasvuhoone\/wp-json\/wp\/v2\/product_tag?post=17448"}],"curies":[{"name":"wp","href":"https:\/\/api.w.org\/{rel}","templated":true}]}}